{"id":134,"date":"2013-08-07T11:43:39","date_gmt":"2013-08-07T11:43:39","guid":{"rendered":"http:\/\/elizabethwold.net\/ewwp\/?page_id=134"},"modified":"2026-02-17T12:57:45","modified_gmt":"2026-02-17T12:57:45","slug":"hatha-yoga-og-mindfulness","status":"publish","type":"page","link":"http:\/\/elizabethwold.net\/ewwp\/hatha-yoga-og-mindfulness\/","title":{"rendered":"Hatha Yoga og Mindfulness"},"content":{"rendered":"<p style=\"text-align: justify;\"><!--more--><span style=\"color: #ff0000;\"><strong>Yoga<\/strong><\/span> er en mange tusen \u00e5r gammel <span style=\"color: #ff0000;\">i<\/span><strong><span style=\"color: #ff0000;\">ndisk treningsform<\/span><\/strong>, som ble brakt over til Vesten for flere generasjoner\u00a0 siden.<\/p>\n<p>Yoga er et sanskritt begrep som betyr <span style=\"color: #ff0000;\"><strong>\u00e5 forene<\/strong> kropp og sjel<\/span>. Slik er Yoga mer enn en vanlig treningsform. Yoga handler om \u00e5 koble fra det som var f\u00f8r og det som skal komme senere &#8211;\u00a0 til \u00e5 v\u00e6re tilstede her og n\u00e5. Yoga handler om \u00e5 trene kropp og sinn .<\/p>\n<p>Det har dannet seg mange typer yoga over tid. Jeg underviser klassisk yoga : <strong><span style=\"color: #ff0000;\">Hatha Yoga<\/span>.<\/strong><\/p>\n<p><span style=\"color: #ff0000;\"><strong>Mindfulness <\/strong><\/span>er et uttrykk som er skapt for noen 10 \u00e5r tilbake i tid\u00a0 av den amerikanske legen og meditasjonsl\u00e6reren Jon Kabat -Zinn<strong>. <\/strong>Mindfulness er et forholdvis nytt begrep, men er selvsagt ikke ny\u00a0 viten. All trening av mindfulness bygger p\u00e5 eldgammelt\u00a0 tankegods og kan oversettes til norsk med <strong><span style=\"color: #ff0000;\">oppmerksomt n\u00e6rv\u00e6r<\/span>.\u00a0<\/strong><\/p>\n<p>Selvom Yoga opprinnelig hadde det meditative aspektet av n\u00e6rv\u00e6r integrert i den fysiske aktiviteten,\u00a0 f\u00e5r ofte yogakursene i v\u00e5r kultur en\u00a0 &laquo;fitness&raquo;\u00a0 tiln\u00e6rming . I yogatimene mine integrerer vi mindfulness gjennom hele timen.<\/p>\n<p>I timene med <span style=\"color: #ff0000;\"><strong>Hatha Yoga og Mindfulness<\/strong> 60+<\/span> trener vi kropp og sinn. Vi trener oppmerksomt n\u00e6rv\u00e6r mens vi gj\u00f8r aktive dynamiske bevegelser &#8211; og mens vi er i passive stillinger. \u00a0Asana\u00b4ene (bevegelser og stillinger) er tilrettelagt i forhold til at vi alle har levd en god stund.\u00a0<\/p>\n<p>Vi trener pust og bevegelser\u00a0 i samspill,\u00a0\u00a0vi trener pust i stillinger vi synker inn i ,\u00a0 og vi har korte\u00a0 guidete meditasjons\u00f8kter. Yogatimene starter og\u00a0 avsluttes\u00a0 med avspenning.<\/p>\n<p>Det er viktig at hver og en i yogagruppen opplever trygghet\u00a0 med hensyn til eventuelle fysiske utfordringer med egen kropp. Derfor er det \u00f8nskelig at du opplyser om dine kroppslige forhold f\u00f8r kursstart. P\u00e5 den m\u00e5ten finner vi fram til\u00a0 modifikasjonene du trenger, i forhold til de eventuelle fysiske vondter\u00a0 \/ begrensninger hver og\u00a0 \u00b4en har.<\/p>\n<p>Temaer fra yogafilosofien, kan kanskje virke banale i sin enkelhet. Eksempler her er <i>ikke konkurerende<\/i>\u00a0holdning &#8211; <i>vennlighet mot seg selv og andre. <\/i>\u00a0Dette er aspekter vi integrerer inn i timene, og som kan v\u00e6re verdt \u00e5 ta med seg til hverdagen der ute.<\/p>\n<h2>\u00a0<\/h2>\n<h2 style=\"text-align: center;\">V\u00e5r 2026<\/h2>\n<h2 style=\"text-align: center;\"><span style=\"color: #ff6600;\"><strong>6 ukers kurs <\/strong>\u00a0 \u00a0 \u00a0<\/span><\/h2>\n<h2 style=\"text-align: center;\"><span style=\"color: #ff6600;\">Hatha Yoga og Mindfulness 60+<\/span><\/h2>\n<h4 style=\"text-align: center;\">mandag kl 12.15 &#8211; 13.45\u00a0<\/h4>\n<h4 style=\"text-align: center;\">fra 13. april til pinse\u00a0\u00a0<\/h4>\n<h4 style=\"text-align: left;\">\u00a0<\/h4>\n<h5 style=\"text-align: left;\"><span style=\"color: #339966;\"><span style=\"color: #008000;\">Sted<\/span>:<\/span>\u00a0 Verket Yogas lokaler p\u00e5 B\u00e6rums Verk, Lommedalsveien\u00a0 189c\u00a0<\/h5>\n<h5 style=\"text-align: left;\"><span style=\"color: #008000;\">Tid:<\/span> mandag\u00a0 kl 12.15 &#8211; 13.45<\/h5>\n<h5><span style=\"color: #008000;\">Pris:<\/span>\u00a0 \u00a0 kr 1350\u00a0 \u00a0\u00a0<\/h5>\n<h5><span style=\"color: #008000;\">Regning<\/span>\u00a0 blir tilsendt p\u00e5 mail\u00a0<\/h5>\n<h5 style=\"text-align: left;\">\u00a0<span style=\"color: #008000;\">P\u00e5melding:<\/span>\u00a0 fortl\u00f8pende\u00a0 til\u00a0 &#x6d;&#x61;&#x69;&#x6c;&#x40;&#x65;&#x6c;&#x69;&#x7a;&#x61;&#x62;&#101;&#116;&#104;&#119;&#111;&#108;&#100;&#46;net\u00a0 \u00a0<\/h5>\n<h5><span style=\"color: #008000;\">For mere info: <span style=\"color: #000000;\">\u00a0klikk <strong>\u00f8verst<\/strong> for kapittel : <span style=\"color: #ff0000;\"><em>Informasjon \/ P\u00e5melding\u00a0<\/em><\/span><\/span><\/span><\/h5>\n<h6 style=\"text-align: left;\"><!--more--><span style=\"color: #ff0000;\">Velkommen til klasser med: Hatha Yoga og Mindfulness 60+\u00a0<\/span><\/h6>\n<ul>\n<li><span style=\"color: #ff6600;\">Treningen gir \u00f8kt styrke, vitalitet,fleksibilitet, balanse &#8211; sinnsro.\u00a0<\/span><\/li>\n<li><span style=\"color: #ff6600;\">Treningen kan bidra i livet ditt med st\u00f8rre bevissthet om kropp, pust og sinn<\/span><\/li>\n<\/ul>\n<p><img loading=\"lazy\" decoding=\"async\" src=\"http:\/\/elizabethwold.net\/ewwp\/wp-content\/uploads\/2013\/08\/hatha_et_mindfulness.jpg\" alt=\"Hatha Yoga og Mindfulness\" width=\"1024\" height=\"283\" \/><\/p>\n\n\n<p><\/p>\n","protected":false},"excerpt":{"rendered":"","protected":false},"author":1,"featured_media":0,"parent":0,"menu_order":0,"comment_status":"closed","ping_status":"closed","template":"","meta":{"footnotes":""},"class_list":["post-134","page","type-page","status-publish","hentry"],"_links":{"self":[{"href":"http:\/\/elizabethwold.net\/ewwp\/wp-json\/wp\/v2\/pages\/134","targetHints":{"allow":["GET"]}}],"collection":[{"href":"http:\/\/elizabethwold.net\/ewwp\/wp-json\/wp\/v2\/pages"}],"about":[{"href":"http:\/\/elizabethwold.net\/ewwp\/wp-json\/wp\/v2\/types\/page"}],"author":[{"embeddable":true,"href":"http:\/\/elizabethwold.net\/ewwp\/wp-json\/wp\/v2\/users\/1"}],"replies":[{"embeddable":true,"href":"http:\/\/elizabethwold.net\/ewwp\/wp-json\/wp\/v2\/comments?post=134"}],"version-history":[{"count":196,"href":"http:\/\/elizabethwold.net\/ewwp\/wp-json\/wp\/v2\/pages\/134\/revisions"}],"predecessor-version":[{"id":2791,"href":"http:\/\/elizabethwold.net\/ewwp\/wp-json\/wp\/v2\/pages\/134\/revisions\/2791"}],"wp:attachment":[{"href":"http:\/\/elizabethwold.net\/ewwp\/wp-json\/wp\/v2\/media?parent=134"}],"curies":[{"name":"wp","href":"https:\/\/api.w.org\/{rel}","templated":true}]}}

<p style="text-align: justify;"><!--more--><span style="color: #ff0000;"><strong>Yoga</strong></span> er en mange tusen år gammel <span style="color: #ff0000;">i</span><strong><span style="color: #ff0000;">ndisk treningsform</span></strong>, som ble brakt over til Vesten for flere generasjoner  siden.</p>
<p>Yoga er et sanskritt begrep som betyr <span style="color: #ff0000;"><strong>å forene</strong> kropp og sjel</span>. Slik er Yoga mer enn en vanlig treningsform. Yoga handler om å koble fra det som var før og det som skal komme senere &#8211;  til å være tilstede her og nå. Yoga handler om å trene kropp og sinn .</p>
<p>Det har dannet seg mange typer yoga over tid. Jeg underviser klassisk yoga : <strong><span style="color: #ff0000;">Hatha Yoga</span>.</strong></p>
<p><span style="color: #ff0000;"><strong>Mindfulness </strong></span>er et uttrykk som er skapt for noen 10 år tilbake i tid  av den amerikanske legen og meditasjonslæreren Jon Kabat -Zinn<strong>. </strong>Mindfulness er et forholdvis nytt begrep, men er selvsagt ikke ny  viten. All trening av mindfulness bygger på eldgammelt  tankegods og kan oversettes til norsk med <strong><span style="color: #ff0000;">oppmerksomt nærvær</span>. </strong></p>
<p>Selvom Yoga opprinnelig hadde det meditative aspektet av nærvær integrert i den fysiske aktiviteten,  får ofte yogakursene i vår kultur en  &laquo;fitness&raquo;  tilnærming . I yogatimene mine integrerer vi mindfulness gjennom hele timen.</p>
<p>I timene med <span style="color: #ff0000;"><strong>Hatha Yoga og Mindfulness</strong> 60+</span> trener vi kropp og sinn. Vi trener oppmerksomt nærvær mens vi gjør aktive dynamiske bevegelser &#8211; og mens vi er i passive stillinger.  Asana´ene (bevegelser og stillinger) er tilrettelagt i forhold til at vi alle har levd en god stund. </p>
<p>Vi trener pust og bevegelser  i samspill,  vi trener pust i stillinger vi synker inn i ,  og vi har korte  guidete meditasjonsøkter. Yogatimene starter og  avsluttes  med avspenning.</p>
<p>Det er viktig at hver og en i yogagruppen opplever trygghet  med hensyn til eventuelle fysiske utfordringer med egen kropp. Derfor er det ønskelig at du opplyser om dine kroppslige forhold før kursstart. På den måten finner vi fram til  modifikasjonene du trenger, i forhold til de eventuelle fysiske vondter  / begrensninger hver og  ´en har.</p>
<p>Temaer fra yogafilosofien, kan kanskje virke banale i sin enkelhet. Eksempler her er <i>ikke konkurerende</i> holdning &#8211; <i>vennlighet mot seg selv og andre. </i> Dette er aspekter vi integrerer inn i timene, og som kan være verdt å ta med seg til hverdagen der ute.</p>
<h2> </h2>
<h2 style="text-align: center;">Vår 2026</h2>
<h2 style="text-align: center;"><span style="color: #ff6600;"><strong>6 ukers kurs </strong>     </span></h2>
<h2 style="text-align: center;"><span style="color: #ff6600;">Hatha Yoga og Mindfulness 60+</span></h2>
<h4 style="text-align: center;">mandag kl 12.15 &#8211; 13.45 </h4>
<h4 style="text-align: center;">fra 13. april til pinse  </h4>
<h4 style="text-align: left;"> </h4>
<h5 style="text-align: left;"><span style="color: #339966;"><span style="color: #008000;">Sted</span>:</span>  Verket Yogas lokaler på Bærums Verk, Lommedalsveien  189c </h5>
<h5 style="text-align: left;"><span style="color: #008000;">Tid:</span> mandag  kl 12.15 &#8211; 13.45</h5>
<h5><span style="color: #008000;">Pris:</span>    kr 1350    </h5>
<h5><span style="color: #008000;">Regning</span>  blir tilsendt på mail </h5>
<h5 style="text-align: left;"> <span style="color: #008000;">Påmelding:</span>  fortløpende  til  &#x6d;&#x61;&#x69;&#x6c;&#x40;&#x65;&#x6c;&#x69;&#x7a;&#x61;&#x62;&#101;&#116;&#104;&#119;&#111;&#108;&#100;&#46;net   </h5>
<h5><span style="color: #008000;">For mere info: <span style="color: #000000;"> klikk <strong>øverst</strong> for kapittel : <span style="color: #ff0000;"><em>Informasjon / Påmelding </em></span></span></span></h5>
<h6 style="text-align: left;"><!--more--><span style="color: #ff0000;">Velkommen til klasser med: Hatha Yoga og Mindfulness 60+ </span></h6>
<ul>
<li><span style="color: #ff6600;">Treningen gir økt styrke, vitalitet,fleksibilitet, balanse &#8211; sinnsro. </span></li>
<li><span style="color: #ff6600;">Treningen kan bidra i livet ditt med større bevissthet om kropp, pust og sinn</span></li>
</ul>
<p><img loading="lazy" decoding="async" src="http://elizabethwold.net/ewwp/wp-content/uploads/2013/08/hatha_et_mindfulness.jpg" alt="Hatha Yoga og Mindfulness" width="1024" height="283" /></p>


<p></p>
